Calculate the greatest common divisor of 34 and 102.
34
Calculate the highest common divisor of 40 and 250.
10
What is the greatest common factor of 1202 and 4?
2
What is the greatest common factor of 1378 and 424?
106
Calculate the highest common divisor of 47 and 799.
47
Calculate the highest common factor of 74 and 2146.
74
Calculate the highest common factor of 19093 and 61.
61
What is the highest common factor of 1458 and 45?
9
What is the highest common factor of 15 and 5095?
5
Calculate the greatest common divisor of 16 and 64.
16
Calculate the greatest common factor of 1 and 154.
1
Calculate the highest common factor of 846 and 18.
18
What is the greatest common divisor of 71 and 11573?
71
What is the highest common divisor of 645 and 405?
15
Calculate the greatest common factor of 48 and 544.
16
Calculate the greatest common divisor of 30 and 45.
15
What is the greatest common factor of 122 and 61?
61
What is the highest common divisor of 1343 and 85?
17
What is the highest common divisor of 107 and 428?
107
What is the highest common divisor of 52 and 3068?
52
What is the highest common divisor of 14 and 378?
14
What is the greatest common divisor of 2493 and 18?
9
What is the greatest common divisor of 133 and 6441?
19
What is the highest common factor of 62 and 31?
31
Calculate the greatest common divisor of 638 and 3016.
58
What is the greatest common factor of 12 and 1026?
6
What is the highest common divisor of 37587 and 134?
67
Calculate the greatest common divisor of 272 and 80.
16
Calculate the highest common divisor of 120 and 216.
24
What is the greatest common factor of 6 and 8?
2
What is the greatest common factor of 132 and 2596?
44
Calculate the highest common factor of 73 and 7154.
73
Calculate the greatest common factor of 1424 and 89.
89
What is the highest common divisor of 1633 and 368?
23
Calculate the highest common factor of 170 and 68.
34
What is the greatest common factor of 3330 and 270?
90
Calculate the greatest common factor of 7788 and 22.
22
Calculate the highest common divisor of 180 and 396.
36
What is the greatest common factor of 336 and 924?
84
What is the highest common factor of 14 and 2282?
14
Calculate the greatest common divisor of 1510 and 604.
302
What is the greatest common factor of 23 and 7?
1
Calculate the greatest common divisor of 36 and 12.
12
Calculate the greatest common divisor of 14 and 133.
7
What is the greatest common divisor of 315 and 385?
35
Calculate the greatest common factor of 154 and 66.
22
Calculate the highest common factor of 7950 and 1050.
150
What is the greatest common factor of 189 and 2403?
27
What is the highest common factor of 800 and 475?
25
Calculate the highest common factor of 121 and 2288.
11
Calculate the greatest common divisor of 90 and 96.
6
What is the highest common divisor of 70 and 520?
10
Calculate the highest common divisor of 5 and 6.
1
Calculate the greatest common factor of 8937 and 27.
27
What is the highest common divisor of 144 and 57744?
144
Calculate the greatest common factor of 13 and 3991.
13
Calculate the highest common factor of 8200 and 50.
50
Calculate the highest common divisor of 72 and 348.
12
What is the greatest common divisor of 26 and 2002?
26
What is the highest common factor of 216 and 96?
24
Calculate the greatest common factor of 75 and 2425.
25
Calculate the greatest common factor of 122 and 6.
2
Calculate the greatest common divisor of 114 and 627.
57
Calculate the greatest common factor of 176 and 539.
11
Calculate the highest common divisor of 4 and 18.
2
Calculate the greatest common divisor of 5007 and 6.
3
Calculate the greatest common factor of 244 and 112.
4
What is the greatest common divisor of 160 and 260?
20
What is the greatest common divisor of 384 and 24?
24
Calculate the greatest common divisor of 140 and 5754.
14
What is the greatest common divisor of 96 and 24?
24
What is the highest common divisor of 2562 and 231?
21
What is the highest common factor of 108 and 16?
4
What is the highest common divisor of 1 and 5?
1
What is the highest common divisor of 35 and 56?
7
Calculate the greatest common factor of 14 and 3584.
14
Calculate the highest common factor of 156 and 2613.
39
Calculate the highest common divisor of 76 and 6.
2
What is the greatest common factor of 444 and 555?
111
Calculate the greatest common factor of 142 and 53960.
142
What is the highest common divisor of 54 and 243?
27
Calculate the highest common factor of 2449 and 31.
31
What is the highest common factor of 25 and 125?
25
What is the greatest common factor of 725 and 5?
5
Calculate the greatest common divisor of 212 and 12932.
212
What is the highest common divisor of 24 and 23436?
12
Calculate the highest common factor of 6 and 27.
3
What is the greatest common divisor of 22362 and 12?
6
Calculate the greatest common divisor of 119 and 68.
17
What is the highest common divisor of 270 and 720?
90
Calculate the greatest common divisor of 34 and 6.
2
Calculate the highest common factor of 2739 and 165.
33
Calculate the greatest common factor of 14694 and 237.
237
Calculate the highest common factor of 3514 and 56.
14
What is the highest common divisor of 1480 and 40?
40
Calculate the greatest common factor of 35 and 21.
7
What is the highest common factor of 681 and 6?
3
What is the highest common factor of 28 and 7532?
28
What is the greatest common factor of 1863 and 2754?
81
Calculate the greatest common divisor of 29448 and 72.
72
What is the greatest common factor of 325 and 800?
25
Calculate the greatest common divisor of 248 and 10075.
31
Calculate the highest common factor of 273 and 13.
13
Calculate the highest common factor of 180 and 225.
45
Calculate the greatest common factor of 34 and 986.
34
What is the greatest common factor of 429 and 273?
39
Calculate the greatest common divisor of 126 and 441.
63
Calculate the greatest common factor of 24 and 54.
6
Calculate the greatest common divisor of 644 and 238.
14
What is the highest common factor of 2301 and 354?
177
What is the greatest common factor of 5668 and 545?
109
Calculate the greatest common factor of 452 and 113.
113
What is the greatest common divisor of 7345 and 678?
113
What is the highest common factor of 6 and 33?
3
Calculate the greatest common divisor of 36 and 2928.
12
What is the highest common divisor of 4976 and 3421?
311
Calculate the greatest common divisor of 580 and 841.
29
What is the greatest common divisor of 267 and 3?
3
Calculate the highest common divisor of 976 and 176.
16
Calculate the highest common divisor of 846 and 144.
18
Calculate the highest common divisor of 66129 and 21.
21
Calculate the highest common factor of 608 and 19.
19
Calculate the highest common divisor of 119 and 34.
17
What is the greatest common divisor of 11 and 671?
11
Calculate the highest common factor of 39 and 3055.
13
What is the greatest common divisor of 76 and 57?
19
What is the greatest common divisor of 34080 and 30?
30
What is the highest common divisor of 60 and 280?
20
Calculate the greatest common factor of 92 and 253.
23
What is the highest common factor of 414 and 18?
18
What is the highest common divisor of 960 and 272?
16
Calculate the greatest common divisor of 30 and 940.
10
Calculate the highest common factor of 6 and 3966.
6
What is the greatest common divisor of 708 and 48?
12
Calculate the greatest common divisor of 1027 and 395.
79
Calculate the highest common factor of 181 and 21.
1
What is the highest common factor of 1216 and 1292?
76
What is the highest common divisor of 7 and 252?
7
What is the highest common divisor of 44 and 324?
4
Calculate the greatest common divisor of 162 and 90.
18
Calculate the highest common divisor of 506 and 66.
22
What is the highest common divisor of 354 and 168?
6
Calculate the highest common divisor of 51 and 34.
17
Calculate the highest common factor of 248 and 93.
31
Calculate the greatest common factor of 882 and 8.
2
Calculate the greatest common divisor of 1071 and 315.
63
Calculate the greatest common divisor of 1120 and 70.
70
Calculate the highest common factor of 2560 and 800.
160
What is the greatest common divisor of 28 and 770?
14
What is the greatest common factor of 3292 and 4?
4
What